{"id":269,"date":"2024-06-14T14:03:41","date_gmt":"2024-06-14T12:03:41","guid":{"rendered":"https:\/\/www.ferienwohnung-brunner.de\/?page_id=269"},"modified":"2026-03-16T19:36:48","modified_gmt":"2026-03-16T18:36:48","slug":"start","status":"publish","type":"page","link":"https:\/\/www.ferienwohnung-brunner.de\/","title":{"rendered":"Start"},"content":{"rendered":"\t\t<div data-elementor-type=\"wp-page\" data-elementor-id=\"269\" class=\"elementor elementor-269\">\n\t\t\t\t<div class=\"elementor-element elementor-element-792ef65 e-flex e-con-boxed e-con e-parent\" data-id=\"792ef65\" data-element_type=\"container\" data-e-type=\"container\">\n\t\t\t\t\t<div class=\"e-con-inner\">\n\t\t\t\t<div class=\"elementor-element elementor-element-96b0f26 elementor-widget elementor-widget-text-editor\" data-id=\"96b0f26\" data-element_type=\"widget\" data-e-type=\"widget\" data-widget_type=\"text-editor.default\">\n\t\t\t\t<div class=\"elementor-widget-container\">\n\t\t\t\t\t\t\t\t\t<p>Herzlich Willkommen in unserer Ferienwohnung im Tegernseer Tal. Unser Haus liegt in der<br \/>Gemeinde Kreuth, Ortsteil Reitrain. Zwischen Rottach-Egern und Kreuth, s\u00fcdlich vom Tegernsee. In zentraler Lage zu den Zentren von Rottach-Egern und Kreuth in wenigen Autominuten erreichbar.<\/p><p>Es erwartet Sie eine gem\u00fctlich eingerichtete Erdgeschosswohnung in sonniger und ruhiger Lage mit eigener Terrasse und Garten.\u00a0<\/p>\t\t\t\t\t\t\t\t<\/div>\n\t\t\t\t<\/div>\n\t\t\t\t\t<\/div>\n\t\t\t\t<\/div>\n\t\t<div class=\"elementor-element elementor-element-f5519fd e-flex e-con-boxed e-con e-parent\" data-id=\"f5519fd\" data-element_type=\"container\" data-e-type=\"container\">\n\t\t\t\t\t<div class=\"e-con-inner\">\n\t\t\t\t<div class=\"elementor-element elementor-element-2238e35 elementor-widget elementor-widget-spacer\" data-id=\"2238e35\" data-element_type=\"widget\" data-e-type=\"widget\" data-widget_type=\"spacer.default\">\n\t\t\t\t<div class=\"elementor-widget-container\">\n\t\t\t\t\t\t\t<div class=\"elementor-spacer\">\n\t\t\t<div class=\"elementor-spacer-inner\"><\/div>\n\t\t<\/div>\n\t\t\t\t\t\t<\/div>\n\t\t\t\t<\/div>\n\t\t\t\t\t<\/div>\n\t\t\t\t<\/div>\n\t\t<div class=\"elementor-element elementor-element-ab2e0fd e-flex e-con-boxed e-con e-parent\" data-id=\"ab2e0fd\" data-element_type=\"container\" data-e-type=\"container\">\n\t\t\t\t\t<div class=\"e-con-inner\">\n\t\t\t\t<div class=\"elementor-element elementor-element-56f2b7c elementor-widget-divider--view-line elementor-widget elementor-widget-divider\" data-id=\"56f2b7c\" data-element_type=\"widget\" data-e-type=\"widget\" data-widget_type=\"divider.default\">\n\t\t\t\t<div class=\"elementor-widget-container\">\n\t\t\t\t\t\t\t<div class=\"elementor-divider\">\n\t\t\t<span class=\"elementor-divider-separator\">\n\t\t\t\t\t\t<\/span>\n\t\t<\/div>\n\t\t\t\t\t\t<\/div>\n\t\t\t\t<\/div>\n\t\t\t\t\t<\/div>\n\t\t\t\t<\/div>\n\t\t<div class=\"elementor-element elementor-element-73f2e4e e-flex e-con-boxed e-con e-parent\" data-id=\"73f2e4e\" data-element_type=\"container\" data-e-type=\"container\">\n\t\t\t\t\t<div class=\"e-con-inner\">\n\t\t\t\t<div class=\"elementor-element elementor-element-c514431 elementor-widget elementor-widget-spacer\" data-id=\"c514431\" data-element_type=\"widget\" data-e-type=\"widget\" data-widget_type=\"spacer.default\">\n\t\t\t\t<div class=\"elementor-widget-container\">\n\t\t\t\t\t\t\t<div class=\"elementor-spacer\">\n\t\t\t<div class=\"elementor-spacer-inner\"><\/div>\n\t\t<\/div>\n\t\t\t\t\t\t<\/div>\n\t\t\t\t<\/div>\n\t\t\t\t\t<\/div>\n\t\t\t\t<\/div>\n\t\t<div class=\"elementor-element elementor-element-1268242 e-grid e-con-boxed e-con e-parent\" data-id=\"1268242\" data-element_type=\"container\" data-e-type=\"container\">\n\t\t\t\t\t<div class=\"e-con-inner\">\n\t\t\t\t<div class=\"elementor-element elementor-element-13e5fb4 elementor-widget elementor-widget-image\" data-id=\"13e5fb4\" data-element_type=\"widget\" data-e-type=\"widget\" data-widget_type=\"image.default\">\n\t\t\t\t<div class=\"elementor-widget-container\">\n\t\t\t\t\t\t\t\t\t\t\t\t\t\t\t\t<a href=\"https:\/\/www.ferienwohnung-brunner.de\/wp-content\/uploads\/2024\/05\/cropped-cropped-IMG_0030-min-scaled-e1715345803539-1-1.jpg\" data-elementor-open-lightbox=\"yes\" data-elementor-lightbox-title=\"Haus Sommeranblick\" data-e-action-hash=\"#elementor-action%3Aaction%3Dlightbox%26settings%3DeyJpZCI6MjE1LCJ1cmwiOiJodHRwczpcL1wvd3d3LmZlcmllbndvaG51bmctYnJ1bm5lci5kZVwvd3AtY29udGVudFwvdXBsb2Fkc1wvMjAyNFwvMDVcL2Nyb3BwZWQtY3JvcHBlZC1JTUdfMDAzMC1taW4tc2NhbGVkLWUxNzE1MzQ1ODAzNTM5LTEtMS5qcGcifQ%3D%3D\">\n\t\t\t\t\t\t\t<img decoding=\"async\" src=\"https:\/\/www.ferienwohnung-brunner.de\/wp-content\/uploads\/elementor\/thumbs\/cropped-cropped-IMG_0030-min-scaled-e1715345803539-1-1-qooof9qn3bo08ac0837s3ebo0epxo3fq0yuz0l145s.jpg\" title=\"Haus Sommeranblick\" alt=\"Haus Sommeranblick\" loading=\"lazy\" \/>\t\t\t\t\t\t\t\t<\/a>\n\t\t\t\t\t\t\t\t\t\t\t\t\t\t\t<\/div>\n\t\t\t\t<\/div>\n\t\t\t\t<div class=\"elementor-element elementor-element-a418e4d elementor-widget elementor-widget-image\" data-id=\"a418e4d\" data-element_type=\"widget\" data-e-type=\"widget\" data-widget_type=\"image.default\">\n\t\t\t\t<div class=\"elementor-widget-container\">\n\t\t\t\t\t\t\t\t\t\t\t\t\t\t\t\t<a href=\"https:\/\/www.ferienwohnung-brunner.de\/wp-content\/uploads\/2025\/01\/Willkommen-scaled.jpg\" data-elementor-open-lightbox=\"yes\" data-elementor-lightbox-title=\"Willkommen\" data-e-action-hash=\"#elementor-action%3Aaction%3Dlightbox%26settings%3DeyJpZCI6NTg2LCJ1cmwiOiJodHRwczpcL1wvd3d3LmZlcmllbndvaG51bmctYnJ1bm5lci5kZVwvd3AtY29udGVudFwvdXBsb2Fkc1wvMjAyNVwvMDFcL1dpbGxrb21tZW4tc2NhbGVkLmpwZyJ9\">\n\t\t\t\t\t\t\t<img decoding=\"async\" src=\"https:\/\/www.ferienwohnung-brunner.de\/wp-content\/uploads\/elementor\/thumbs\/Willkommen-scaled-qzutk7tj93m6xzqmwownt7l5vvvyz1sdvcmnt2rz2o.jpg\" title=\"Willkommen\" alt=\"Willkommen\" loading=\"lazy\" \/>\t\t\t\t\t\t\t\t<\/a>\n\t\t\t\t\t\t\t\t\t\t\t\t\t\t\t<\/div>\n\t\t\t\t<\/div>\n\t\t\t\t\t<\/div>\n\t\t\t\t<\/div>\n\t\t<div class=\"elementor-element elementor-element-f423a9a e-flex e-con-boxed e-con e-parent\" data-id=\"f423a9a\" data-element_type=\"container\" data-e-type=\"container\">\n\t\t\t\t\t<div class=\"e-con-inner\">\n\t\t\t\t<div class=\"elementor-element elementor-element-3de3a2d elementor-widget elementor-widget-spacer\" data-id=\"3de3a2d\" data-element_type=\"widget\" data-e-type=\"widget\" data-widget_type=\"spacer.default\">\n\t\t\t\t<div class=\"elementor-widget-container\">\n\t\t\t\t\t\t\t<div class=\"elementor-spacer\">\n\t\t\t<div class=\"elementor-spacer-inner\"><\/div>\n\t\t<\/div>\n\t\t\t\t\t\t<\/div>\n\t\t\t\t<\/div>\n\t\t\t\t\t<\/div>\n\t\t\t\t<\/div>\n\t\t<div class=\"elementor-element elementor-element-2e75f9f e-flex e-con-boxed e-con e-parent\" data-id=\"2e75f9f\" data-element_type=\"container\" data-e-type=\"container\">\n\t\t\t\t\t<div class=\"e-con-inner\">\n\t\t\t\t<div class=\"elementor-element elementor-element-8e872e0 elementor-widget-divider--view-line elementor-widget elementor-widget-divider\" data-id=\"8e872e0\" data-element_type=\"widget\" data-e-type=\"widget\" data-widget_type=\"divider.default\">\n\t\t\t\t<div class=\"elementor-widget-container\">\n\t\t\t\t\t\t\t<div class=\"elementor-divider\">\n\t\t\t<span class=\"elementor-divider-separator\">\n\t\t\t\t\t\t<\/span>\n\t\t<\/div>\n\t\t\t\t\t\t<\/div>\n\t\t\t\t<\/div>\n\t\t\t\t\t<\/div>\n\t\t\t\t<\/div>\n\t\t<div class=\"elementor-element elementor-element-52004a9 e-flex e-con-boxed e-con e-parent\" data-id=\"52004a9\" data-element_type=\"container\" data-e-type=\"container\">\n\t\t\t\t\t<div class=\"e-con-inner\">\n\t\t\t\t<div class=\"elementor-element elementor-element-d1db3d6 elementor-widget elementor-widget-spacer\" data-id=\"d1db3d6\" data-element_type=\"widget\" data-e-type=\"widget\" data-widget_type=\"spacer.default\">\n\t\t\t\t<div class=\"elementor-widget-container\">\n\t\t\t\t\t\t\t<div class=\"elementor-spacer\">\n\t\t\t<div class=\"elementor-spacer-inner\"><\/div>\n\t\t<\/div>\n\t\t\t\t\t\t<\/div>\n\t\t\t\t<\/div>\n\t\t\t\t\t<\/div>\n\t\t\t\t<\/div>\n\t\t<div class=\"elementor-element elementor-element-f7036fa e-flex e-con-boxed e-con e-parent\" data-id=\"f7036fa\" data-element_type=\"container\" data-e-type=\"container\">\n\t\t\t\t\t<div class=\"e-con-inner\">\n\t\t\t\t<div class=\"elementor-element elementor-element-a83022e elementor-widget elementor-widget-text-editor\" data-id=\"a83022e\" data-element_type=\"widget\" data-e-type=\"widget\" data-widget_type=\"text-editor.default\">\n\t\t\t\t<div class=\"elementor-widget-container\">\n\t\t\t\t\t\t\t\t\t<p>Unser Haus ist Ihr idealer Ausgangspunkt f\u00fcr sch\u00f6ne Spazierg\u00e4nge und Wanderungen ins nahe Naturschutzgebiet. Sind Sie Wanderfreund? Oder bevorzugen Sie eher familienfreundliche Freib\u00e4der? Die direkte Umgebung bietet hierf\u00fcr vielfach Gelegenheit.<\/p>\t\t\t\t\t\t\t\t<\/div>\n\t\t\t\t<\/div>\n\t\t\t\t\t<\/div>\n\t\t\t\t<\/div>\n\t\t<div class=\"elementor-element elementor-element-ed25753 e-flex e-con-boxed e-con e-parent\" data-id=\"ed25753\" data-element_type=\"container\" data-e-type=\"container\">\n\t\t\t\t\t<div class=\"e-con-inner\">\n\t\t\t\t<div class=\"elementor-element elementor-element-16b76f1 elementor-widget elementor-widget-spacer\" data-id=\"16b76f1\" data-element_type=\"widget\" data-e-type=\"widget\" data-widget_type=\"spacer.default\">\n\t\t\t\t<div class=\"elementor-widget-container\">\n\t\t\t\t\t\t\t<div class=\"elementor-spacer\">\n\t\t\t<div class=\"elementor-spacer-inner\"><\/div>\n\t\t<\/div>\n\t\t\t\t\t\t<\/div>\n\t\t\t\t<\/div>\n\t\t\t\t\t<\/div>\n\t\t\t\t<\/div>\n\t\t<div class=\"elementor-element elementor-element-b9a1dd5 e-flex e-con-boxed e-con e-parent\" data-id=\"b9a1dd5\" data-element_type=\"container\" data-e-type=\"container\">\n\t\t\t\t\t<div class=\"e-con-inner\">\n\t\t\t\t<div class=\"elementor-element elementor-element-859afc2 elementor-widget-divider--view-line elementor-widget elementor-widget-divider\" data-id=\"859afc2\" data-element_type=\"widget\" data-e-type=\"widget\" data-widget_type=\"divider.default\">\n\t\t\t\t<div class=\"elementor-widget-container\">\n\t\t\t\t\t\t\t<div class=\"elementor-divider\">\n\t\t\t<span class=\"elementor-divider-separator\">\n\t\t\t\t\t\t<\/span>\n\t\t<\/div>\n\t\t\t\t\t\t<\/div>\n\t\t\t\t<\/div>\n\t\t\t\t\t<\/div>\n\t\t\t\t<\/div>\n\t\t<div class=\"elementor-element elementor-element-0f3d906 e-flex e-con-boxed e-con e-parent\" data-id=\"0f3d906\" data-element_type=\"container\" data-e-type=\"container\">\n\t\t\t\t\t<div class=\"e-con-inner\">\n\t\t\t\t<div class=\"elementor-element elementor-element-96bd1b9 elementor-widget elementor-widget-spacer\" data-id=\"96bd1b9\" data-element_type=\"widget\" data-e-type=\"widget\" data-widget_type=\"spacer.default\">\n\t\t\t\t<div class=\"elementor-widget-container\">\n\t\t\t\t\t\t\t<div class=\"elementor-spacer\">\n\t\t\t<div class=\"elementor-spacer-inner\"><\/div>\n\t\t<\/div>\n\t\t\t\t\t\t<\/div>\n\t\t\t\t<\/div>\n\t\t\t\t\t<\/div>\n\t\t\t\t<\/div>\n\t\t<div class=\"elementor-element elementor-element-5e0ff95 e-grid e-con-boxed e-con e-parent\" data-id=\"5e0ff95\" data-element_type=\"container\" data-e-type=\"container\">\n\t\t\t\t\t<div class=\"e-con-inner\">\n\t\t\t\t<div class=\"elementor-element elementor-element-e8c4f5e elementor-widget elementor-widget-image\" data-id=\"e8c4f5e\" data-element_type=\"widget\" data-e-type=\"widget\" data-widget_type=\"image.default\">\n\t\t\t\t<div class=\"elementor-widget-container\">\n\t\t\t\t\t\t\t\t\t\t\t\t\t\t\t\t<a href=\"https:\/\/www.ferienwohnung-brunner.de\/wp-content\/uploads\/2025\/01\/HZZB2639.jpg\" data-elementor-open-lightbox=\"yes\" data-elementor-lightbox-title=\"Sommer\" data-e-action-hash=\"#elementor-action%3Aaction%3Dlightbox%26settings%3DeyJpZCI6NTAzLCJ1cmwiOiJodHRwczpcL1wvd3d3LmZlcmllbndvaG51bmctYnJ1bm5lci5kZVwvd3AtY29udGVudFwvdXBsb2Fkc1wvMjAyNVwvMDFcL0haWkIyNjM5LmpwZyJ9\">\n\t\t\t\t\t\t\t<img decoding=\"async\" src=\"https:\/\/www.ferienwohnung-brunner.de\/wp-content\/uploads\/elementor\/thumbs\/HZZB2639-qzuoh5r29n0vvvn2u2bapwkh3g5kx429patg6474uo.jpg\" title=\"Sommer\" alt=\"Sommer\" loading=\"lazy\" \/>\t\t\t\t\t\t\t\t<\/a>\n\t\t\t\t\t\t\t\t\t\t\t\t\t\t\t<\/div>\n\t\t\t\t<\/div>\n\t\t\t\t<div class=\"elementor-element elementor-element-d93929d elementor-widget elementor-widget-image\" data-id=\"d93929d\" data-element_type=\"widget\" data-e-type=\"widget\" data-widget_type=\"image.default\">\n\t\t\t\t<div class=\"elementor-widget-container\">\n\t\t\t\t\t\t\t\t\t\t\t\t\t\t\t\t<a href=\"https:\/\/www.ferienwohnung-brunner.de\/wp-content\/uploads\/2025\/01\/IMG_2198-scaled.jpg\" data-elementor-open-lightbox=\"yes\" data-elementor-lightbox-title=\"Langlaufloipe hinter dem Haus\" data-e-action-hash=\"#elementor-action%3Aaction%3Dlightbox%26settings%3DeyJpZCI6NTA2LCJ1cmwiOiJodHRwczpcL1wvd3d3LmZlcmllbndvaG51bmctYnJ1bm5lci5kZVwvd3AtY29udGVudFwvdXBsb2Fkc1wvMjAyNVwvMDFcL0lNR18yMTk4LXNjYWxlZC5qcGcifQ%3D%3D\">\n\t\t\t\t\t\t\t<img decoding=\"async\" src=\"https:\/\/www.ferienwohnung-brunner.de\/wp-content\/uploads\/elementor\/thumbs\/IMG_2198-scaled-qzuomvlpucuoihc2g1aldymf6tyyqtrhhlos9ppx00.jpg\" title=\"Langlaufloipe hinter dem Haus\" alt=\"Langlaufloipe hinter dem Haus\" loading=\"lazy\" \/>\t\t\t\t\t\t\t\t<\/a>\n\t\t\t\t\t\t\t\t\t\t\t\t\t\t\t<\/div>\n\t\t\t\t<\/div>\n\t\t\t\t\t<\/div>\n\t\t\t\t<\/div>\n\t\t<div class=\"elementor-element elementor-element-4ca7585 e-grid e-con-boxed e-con e-parent\" data-id=\"4ca7585\" data-element_type=\"container\" data-e-type=\"container\">\n\t\t\t\t\t<div class=\"e-con-inner\">\n\t\t\t\t<div class=\"elementor-element elementor-element-06b6cef elementor-widget elementor-widget-text-editor\" data-id=\"06b6cef\" data-element_type=\"widget\" data-e-type=\"widget\" data-widget_type=\"text-editor.default\">\n\t\t\t\t<div class=\"elementor-widget-container\">\n\t\t\t\t\t\t\t\t\t<p>Sommer:<\/p><p>Der Tegernsee ist bequem in 20 Minuten zu Fu\u00df oder einer kurzen Radlfahrt erreichbar. Dieser l\u00e4dt zu einer herrlichen Schifffahrt oder einem gem\u00fctlichen Badetag an den \u00f6ffentlichen Liegewiesen, ein. Sie wollen eine Rad \u2013 oder Bergtour machen? Gerne sind wir Ihnen bei der Routenzusammenstellung behilflich.<\/p>\t\t\t\t\t\t\t\t<\/div>\n\t\t\t\t<\/div>\n\t\t\t\t<div class=\"elementor-element elementor-element-8a2560d elementor-widget elementor-widget-text-editor\" data-id=\"8a2560d\" data-element_type=\"widget\" data-e-type=\"widget\" data-widget_type=\"text-editor.default\">\n\t\t\t\t<div class=\"elementor-widget-container\">\n\t\t\t\t\t\t\t\t\t<p>Winter:<\/p><p>Direkt hinter unserem Haus f\u00fchrt eine sch\u00f6ne und weitl\u00e4ufige Langlaufloipe vorbei. Deutschlands l\u00e4ngste Rodelbahn mit 6,5 Kilometer, der Wallberg, erreichen Sie in 15 Gehminuten. Mehrere ansprechende Skigebiete sind ebenfalls in unmittelbarer Umgebung.<\/p>\t\t\t\t\t\t\t\t<\/div>\n\t\t\t\t<\/div>\n\t\t\t\t\t<\/div>\n\t\t\t\t<\/div>\n\t\t<div class=\"elementor-element elementor-element-c2b2aca e-flex e-con-boxed e-con e-parent\" data-id=\"c2b2aca\" data-element_type=\"container\" data-e-type=\"container\">\n\t\t\t\t\t<div class=\"e-con-inner\">\n\t\t\t\t<div class=\"elementor-element elementor-element-669aa87 elementor-widget elementor-widget-spacer\" data-id=\"669aa87\" data-element_type=\"widget\" data-e-type=\"widget\" data-widget_type=\"spacer.default\">\n\t\t\t\t<div class=\"elementor-widget-container\">\n\t\t\t\t\t\t\t<div class=\"elementor-spacer\">\n\t\t\t<div class=\"elementor-spacer-inner\"><\/div>\n\t\t<\/div>\n\t\t\t\t\t\t<\/div>\n\t\t\t\t<\/div>\n\t\t\t\t\t<\/div>\n\t\t\t\t<\/div>\n\t\t<div class=\"elementor-element elementor-element-2e34006 e-flex e-con-boxed e-con e-parent\" data-id=\"2e34006\" data-element_type=\"container\" data-e-type=\"container\">\n\t\t\t\t\t<div class=\"e-con-inner\">\n\t\t\t\t<div class=\"elementor-element elementor-element-d046e84 elementor-widget-divider--view-line elementor-widget elementor-widget-divider\" data-id=\"d046e84\" data-element_type=\"widget\" data-e-type=\"widget\" data-widget_type=\"divider.default\">\n\t\t\t\t<div class=\"elementor-widget-container\">\n\t\t\t\t\t\t\t<div class=\"elementor-divider\">\n\t\t\t<span class=\"elementor-divider-separator\">\n\t\t\t\t\t\t<\/span>\n\t\t<\/div>\n\t\t\t\t\t\t<\/div>\n\t\t\t\t<\/div>\n\t\t\t\t\t<\/div>\n\t\t\t\t<\/div>\n\t\t<div class=\"elementor-element elementor-element-b1aaef9 e-flex e-con-boxed e-con e-parent\" data-id=\"b1aaef9\" data-element_type=\"container\" data-e-type=\"container\">\n\t\t\t\t\t<div class=\"e-con-inner\">\n\t\t\t\t<div class=\"elementor-element elementor-element-a8048ba elementor-widget elementor-widget-spacer\" data-id=\"a8048ba\" data-element_type=\"widget\" data-e-type=\"widget\" data-widget_type=\"spacer.default\">\n\t\t\t\t<div class=\"elementor-widget-container\">\n\t\t\t\t\t\t\t<div class=\"elementor-spacer\">\n\t\t\t<div class=\"elementor-spacer-inner\"><\/div>\n\t\t<\/div>\n\t\t\t\t\t\t<\/div>\n\t\t\t\t<\/div>\n\t\t\t\t\t<\/div>\n\t\t\t\t<\/div>\n\t\t<div class=\"elementor-element elementor-element-03a15b3 e-grid e-con-boxed e-con e-parent\" data-id=\"03a15b3\" data-element_type=\"container\" data-e-type=\"container\">\n\t\t\t\t\t<div class=\"e-con-inner\">\n\t\t\t\t<div class=\"elementor-element elementor-element-880edec elementor-widget elementor-widget-image\" data-id=\"880edec\" data-element_type=\"widget\" data-e-type=\"widget\" data-widget_type=\"image.default\">\n\t\t\t\t<div class=\"elementor-widget-container\">\n\t\t\t\t\t\t\t\t\t\t\t\t\t\t\t\t<a href=\"https:\/\/www.ferienwohnung-brunner.de\/wp-content\/uploads\/2026\/02\/teca.png\" data-elementor-open-lightbox=\"yes\" data-elementor-lightbox-title=\"Tegernsee Card\" data-e-action-hash=\"#elementor-action%3Aaction%3Dlightbox%26settings%3DeyJpZCI6NzYzLCJ1cmwiOiJodHRwczpcL1wvd3d3LmZlcmllbndvaG51bmctYnJ1bm5lci5kZVwvd3AtY29udGVudFwvdXBsb2Fkc1wvMjAyNlwvMDJcL3RlY2EucG5nIn0%3D\">\n\t\t\t\t\t\t\t<img fetchpriority=\"high\" decoding=\"async\" width=\"722\" height=\"492\" src=\"https:\/\/www.ferienwohnung-brunner.de\/wp-content\/uploads\/2026\/02\/teca.png\" class=\"attachment-full size-full wp-image-763\" alt=\"\" srcset=\"https:\/\/www.ferienwohnung-brunner.de\/wp-content\/uploads\/2026\/02\/teca.png 722w, https:\/\/www.ferienwohnung-brunner.de\/wp-content\/uploads\/2026\/02\/teca-300x204.png 300w, https:\/\/www.ferienwohnung-brunner.de\/wp-content\/uploads\/2026\/02\/teca-230x157.png 230w, https:\/\/www.ferienwohnung-brunner.de\/wp-content\/uploads\/2026\/02\/teca-350x239.png 350w, https:\/\/www.ferienwohnung-brunner.de\/wp-content\/uploads\/2026\/02\/teca-480x327.png 480w\" sizes=\"(max-width: 722px) 100vw, 722px\" \/>\t\t\t\t\t\t\t\t<\/a>\n\t\t\t\t\t\t\t\t\t\t\t\t\t\t\t<\/div>\n\t\t\t\t<\/div>\n\t\t\t\t<div class=\"elementor-element elementor-element-0678497 elementor-widget elementor-widget-text-editor\" data-id=\"0678497\" data-element_type=\"widget\" data-e-type=\"widget\" data-widget_type=\"text-editor.default\">\n\t\t\t\t<div class=\"elementor-widget-container\">\n\t\t\t\t\t\t\t\t\t<p>Die Tegernsee Card bietet Ihnen eine Vielzahl an erm\u00e4\u00dfigten Eintrittspreisen, mehr Informationen finden sie <a href=\"https:\/\/www.tegernsee.com\/tegernsee-card\" target=\"_blank\" rel=\"noopener\">hier<\/a><\/p>\t\t\t\t\t\t\t\t<\/div>\n\t\t\t\t<\/div>\n\t\t\t\t\t<\/div>\n\t\t\t\t<\/div>\n\t\t<div class=\"elementor-element elementor-element-6aae6bd e-flex e-con-boxed e-con e-parent\" data-id=\"6aae6bd\" data-element_type=\"container\" data-e-type=\"container\">\n\t\t\t\t\t<div class=\"e-con-inner\">\n\t\t\t\t<div class=\"elementor-element elementor-element-a15c210 elementor-widget elementor-widget-spacer\" data-id=\"a15c210\" data-element_type=\"widget\" data-e-type=\"widget\" data-widget_type=\"spacer.default\">\n\t\t\t\t<div class=\"elementor-widget-container\">\n\t\t\t\t\t\t\t<div class=\"elementor-spacer\">\n\t\t\t<div class=\"elementor-spacer-inner\"><\/div>\n\t\t<\/div>\n\t\t\t\t\t\t<\/div>\n\t\t\t\t<\/div>\n\t\t\t\t\t<\/div>\n\t\t\t\t<\/div>\n\t\t<div class=\"elementor-element elementor-element-a2cdd99 e-flex e-con-boxed e-con e-parent\" data-id=\"a2cdd99\" data-element_type=\"container\" data-e-type=\"container\">\n\t\t\t\t\t<div class=\"e-con-inner\">\n\t\t\t\t<div class=\"elementor-element elementor-element-70cead0 elementor-widget-divider--view-line elementor-widget elementor-widget-divider\" data-id=\"70cead0\" data-element_type=\"widget\" data-e-type=\"widget\" data-widget_type=\"divider.default\">\n\t\t\t\t<div class=\"elementor-widget-container\">\n\t\t\t\t\t\t\t<div class=\"elementor-divider\">\n\t\t\t<span class=\"elementor-divider-separator\">\n\t\t\t\t\t\t<\/span>\n\t\t<\/div>\n\t\t\t\t\t\t<\/div>\n\t\t\t\t<\/div>\n\t\t\t\t\t<\/div>\n\t\t\t\t<\/div>\n\t\t<div class=\"elementor-element elementor-element-00e6893 e-flex e-con-boxed e-con e-parent\" data-id=\"00e6893\" data-element_type=\"container\" data-e-type=\"container\">\n\t\t\t\t\t<div class=\"e-con-inner\">\n\t\t\t\t<div class=\"elementor-element elementor-element-5b7bc02 elementor-widget elementor-widget-spacer\" data-id=\"5b7bc02\" data-element_type=\"widget\" data-e-type=\"widget\" data-widget_type=\"spacer.default\">\n\t\t\t\t<div class=\"elementor-widget-container\">\n\t\t\t\t\t\t\t<div class=\"elementor-spacer\">\n\t\t\t<div class=\"elementor-spacer-inner\"><\/div>\n\t\t<\/div>\n\t\t\t\t\t\t<\/div>\n\t\t\t\t<\/div>\n\t\t\t\t\t<\/div>\n\t\t\t\t<\/div>\n\t\t<div class=\"elementor-element elementor-element-9ffef6d e-flex e-con-boxed e-con e-parent\" data-id=\"9ffef6d\" data-element_type=\"container\" data-e-type=\"container\">\n\t\t\t\t\t<div class=\"e-con-inner\">\n\t\t\t\t<div class=\"elementor-element elementor-element-4e84023 elementor-widget elementor-widget-text-editor\" data-id=\"4e84023\" data-element_type=\"widget\" data-e-type=\"widget\" data-widget_type=\"text-editor.default\">\n\t\t\t\t<div class=\"elementor-widget-container\">\n\t\t\t\t\t\t\t\t\t<p>Die n\u00e4chste Bushaltestelle ist fu\u00dfl\u00e4ufig in 200m erreichbar, hier k\u00f6nnen Sie mit der Tegernsee Card kostenfrei das Tegernseer Tal erkunden sowie den ganzen Landkreis Miesbach.<\/p><p>In 5 Gehminuten ist die n\u00e4chste B\u00e4ckerei, den n\u00e4chsten Supermarkt und Metzger erreichen Sie in 15 Gehminuten.<\/p><p>In die Landeshauptstadt M\u00fcnchen sind es nur 50 Kilometer. Das benachbarte \u00d6sterreich (z.B. den Achensee) erreichen Sie in 30 Fahrminuten.<\/p><p>\u00a0<\/p><p><strong>Wir freuen uns auf Ihren Besuch.<\/strong><\/p>\t\t\t\t\t\t\t\t<\/div>\n\t\t\t\t<\/div>\n\t\t\t\t\t<\/div>\n\t\t\t\t<\/div>\n\t\t\t\t<\/div>\n\t\t","protected":false},"excerpt":{"rendered":"<p>Herzlich Willkommen in unserer Ferienwohnung im Tegernseer Tal. Unser Haus liegt in derGemeinde Kreuth, Ortsteil Reitrain. Zwischen Rottach-Egern und Kreuth, s\u00fcdlich vom [&hellip;]<\/p>\n","protected":false},"author":1,"featured_media":0,"parent":0,"menu_order":0,"comment_status":"closed","ping_status":"closed","template":"","meta":{"footnotes":""},"class_list":["post-269","page","type-page","status-publish","hentry"],"_links":{"self":[{"href":"https:\/\/www.ferienwohnung-brunner.de\/index.php\/wp-json\/wp\/v2\/pages\/269","targetHints":{"allow":["GET"]}}],"collection":[{"href":"https:\/\/www.ferienwohnung-brunner.de\/index.php\/wp-json\/wp\/v2\/pages"}],"about":[{"href":"https:\/\/www.ferienwohnung-brunner.de\/index.php\/wp-json\/wp\/v2\/types\/page"}],"author":[{"embeddable":true,"href":"https:\/\/www.ferienwohnung-brunner.de\/index.php\/wp-json\/wp\/v2\/users\/1"}],"replies":[{"embeddable":true,"href":"https:\/\/www.ferienwohnung-brunner.de\/index.php\/wp-json\/wp\/v2\/comments?post=269"}],"version-history":[{"count":47,"href":"https:\/\/www.ferienwohnung-brunner.de\/index.php\/wp-json\/wp\/v2\/pages\/269\/revisions"}],"predecessor-version":[{"id":862,"href":"https:\/\/www.ferienwohnung-brunner.de\/index.php\/wp-json\/wp\/v2\/pages\/269\/revisions\/862"}],"wp:attachment":[{"href":"https:\/\/www.ferienwohnung-brunner.de\/index.php\/wp-json\/wp\/v2\/media?parent=269"}],"curies":[{"name":"wp","href":"https:\/\/api.w.org\/{rel}","templated":true}]}}