{"id":278,"date":"2024-06-14T14:05:31","date_gmt":"2024-06-14T12:05:31","guid":{"rendered":"https:\/\/www.ferienwohnung-brunner.de\/?page_id=278"},"modified":"2026-03-27T11:03:02","modified_gmt":"2026-03-27T10:03:02","slug":"preise","status":"publish","type":"page","link":"https:\/\/www.ferienwohnung-brunner.de\/index.php\/preise\/","title":{"rendered":"Preise"},"content":{"rendered":"\t\t<div data-elementor-type=\"wp-page\" data-elementor-id=\"278\" class=\"elementor elementor-278\">\n\t\t\t\t<div class=\"elementor-element elementor-element-d617484 e-flex e-con-boxed e-con e-parent\" data-id=\"d617484\" data-element_type=\"container\" data-e-type=\"container\">\n\t\t\t\t\t<div class=\"e-con-inner\">\n\t\t\t\t<div class=\"elementor-element elementor-element-0cd0098 elementor-widget elementor-widget-text-editor\" data-id=\"0cd0098\" data-element_type=\"widget\" data-e-type=\"widget\" data-widget_type=\"text-editor.default\">\n\t\t\t\t<div class=\"elementor-widget-container\">\n\t\t\t\t\t\t\t\t\t<p>Die Preise verstehen sich inklusive Tegernsee Card, Endreinigung und aller Nebenkosten. <br \/>Die Ferienwohnung ist f\u00fcr bis zu 4 Personen ausgestattet.\u00a0<\/p>\t\t\t\t\t\t\t\t<\/div>\n\t\t\t\t<\/div>\n\t\t\t\t\t<\/div>\n\t\t\t\t<\/div>\n\t\t<div class=\"elementor-element elementor-element-bec3c87 e-flex e-con-boxed e-con e-parent\" data-id=\"bec3c87\" data-element_type=\"container\" data-e-type=\"container\">\n\t\t\t\t\t<div class=\"e-con-inner\">\n\t\t\t\t<div class=\"elementor-element elementor-element-585fd99 elementor-widget-divider--view-line elementor-widget elementor-widget-divider\" data-id=\"585fd99\" data-element_type=\"widget\" data-e-type=\"widget\" data-widget_type=\"divider.default\">\n\t\t\t\t<div class=\"elementor-widget-container\">\n\t\t\t\t\t\t\t<div class=\"elementor-divider\">\n\t\t\t<span class=\"elementor-divider-separator\">\n\t\t\t\t\t\t<\/span>\n\t\t<\/div>\n\t\t\t\t\t\t<\/div>\n\t\t\t\t<\/div>\n\t\t\t\t\t<\/div>\n\t\t\t\t<\/div>\n\t\t<div class=\"elementor-element elementor-element-25a8464 e-flex e-con-boxed e-con e-parent\" data-id=\"25a8464\" data-element_type=\"container\" data-e-type=\"container\">\n\t\t\t\t\t<div class=\"e-con-inner\">\n\t\t\t\t<div class=\"elementor-element elementor-element-0d77e9d elementor-widget elementor-widget-text-editor\" data-id=\"0d77e9d\" data-element_type=\"widget\" data-e-type=\"widget\" data-widget_type=\"text-editor.default\">\n\t\t\t\t<div class=\"elementor-widget-container\">\n\t\t\t\t\t\t\t\t\t<p><span style=\"text-decoration: underline;\">Wohnungspreise:<\/span><\/p><p>Der Wohnungspreis betr\u00e4gt f\u00fcr 2 Personen 99 \u20ac pro Nacht zzgl. Kurtaxe. <br \/>Kinder von 0-2 Jahren frei. <br \/>Kinder von 3-15 Jahren 25 \u20ac pro Kind pro Nacht zzgl. Kurtaxe.<br \/>Ab 16 Jahren 35 \u20ac pro Person pro Nacht zzgl. Kurtaxe.<br \/>Gerne k\u00f6nnen Sie ein Baby- Kinderset buchen, dies beinhaltet: Hochstuhl, Babybett (Reisebett), Tritthocker, Toilettensitz und Windeleimer f\u00fcr eine einmalige Geb\u00fchr von 18 \u20ac.<\/p><p><span style=\"text-decoration: underline;\">Kurtaxe:<\/span><\/p><p>3 \u20ac pro Person pro Nacht ab 16 Jahren.<br \/>1,50 \u20ac pro Person pro Nacht ab 6 Jahren.<\/p>\t\t\t\t\t\t\t\t<\/div>\n\t\t\t\t<\/div>\n\t\t\t\t\t<\/div>\n\t\t\t\t<\/div>\n\t\t<div class=\"elementor-element elementor-element-ebf28f4 e-flex e-con-boxed e-con e-parent\" data-id=\"ebf28f4\" data-element_type=\"container\" data-e-type=\"container\">\n\t\t\t\t\t<div class=\"e-con-inner\">\n\t\t\t\t<div class=\"elementor-element elementor-element-ddc1f96 elementor-widget-divider--view-line elementor-widget elementor-widget-divider\" data-id=\"ddc1f96\" data-element_type=\"widget\" data-e-type=\"widget\" data-widget_type=\"divider.default\">\n\t\t\t\t<div class=\"elementor-widget-container\">\n\t\t\t\t\t\t\t<div class=\"elementor-divider\">\n\t\t\t<span class=\"elementor-divider-separator\">\n\t\t\t\t\t\t<\/span>\n\t\t<\/div>\n\t\t\t\t\t\t<\/div>\n\t\t\t\t<\/div>\n\t\t\t\t\t<\/div>\n\t\t\t\t<\/div>\n\t\t<div class=\"elementor-element elementor-element-2d7a243 e-flex e-con-boxed e-con e-parent\" data-id=\"2d7a243\" data-element_type=\"container\" data-e-type=\"container\">\n\t\t\t\t\t<div class=\"e-con-inner\">\n\t\t\t\t<div class=\"elementor-element elementor-element-6740d06 elementor-widget elementor-widget-text-editor\" data-id=\"6740d06\" data-element_type=\"widget\" data-e-type=\"widget\" data-widget_type=\"text-editor.default\">\n\t\t\t\t<div class=\"elementor-widget-container\">\n\t\t\t\t\t\t\t\t\t<p>Der Mindestaufenthalt betr\u00e4gt 5 N\u00e4chte, auf Anfrage auch weniger (gegen Aufpreis) m\u00f6glich.<\/p>\t\t\t\t\t\t\t\t<\/div>\n\t\t\t\t<\/div>\n\t\t\t\t\t<\/div>\n\t\t\t\t<\/div>\n\t\t<div class=\"elementor-element elementor-element-47cdfa1 e-flex e-con-boxed e-con e-parent\" data-id=\"47cdfa1\" data-element_type=\"container\" data-e-type=\"container\">\n\t\t\t\t\t<div class=\"e-con-inner\">\n\t\t\t\t<div class=\"elementor-element elementor-element-16e856b elementor-align-center elementor-widget elementor-widget-button\" data-id=\"16e856b\" data-element_type=\"widget\" data-e-type=\"widget\" data-widget_type=\"button.default\">\n\t\t\t\t<div class=\"elementor-widget-container\">\n\t\t\t\t\t\t\t\t\t<div class=\"elementor-button-wrapper\">\n\t\t\t\t\t<a class=\"elementor-button elementor-button-link elementor-size-sm\" href=\"https:\/\/www.ferienwohnung-brunner.de\/index.php\/anfrage-kontakt\/\">\n\t\t\t\t\t\t<span class=\"elementor-button-content-wrapper\">\n\t\t\t\t\t\t\t\t\t<span class=\"elementor-button-text\">Jetzt Verf\u00fcgbarkeit pr\u00fcfen<\/span>\n\t\t\t\t\t<\/span>\n\t\t\t\t\t<\/a>\n\t\t\t\t<\/div>\n\t\t\t\t\t\t\t\t<\/div>\n\t\t\t\t<\/div>\n\t\t\t\t\t<\/div>\n\t\t\t\t<\/div>\n\t\t\t\t<\/div>\n\t\t","protected":false},"excerpt":{"rendered":"<p>Die Preise verstehen sich inklusive Tegernsee Card, Endreinigung und aller Nebenkosten. Die Ferienwohnung ist f\u00fcr bis zu 4 Personen ausgestattet.\u00a0 Wohnungspreise: Der [&hellip;]<\/p>\n","protected":false},"author":1,"featured_media":0,"parent":0,"menu_order":0,"comment_status":"closed","ping_status":"closed","template":"","meta":{"footnotes":""},"class_list":["post-278","page","type-page","status-publish","hentry"],"_links":{"self":[{"href":"https:\/\/www.ferienwohnung-brunner.de\/index.php\/wp-json\/wp\/v2\/pages\/278","targetHints":{"allow":["GET"]}}],"collection":[{"href":"https:\/\/www.ferienwohnung-brunner.de\/index.php\/wp-json\/wp\/v2\/pages"}],"about":[{"href":"https:\/\/www.ferienwohnung-brunner.de\/index.php\/wp-json\/wp\/v2\/types\/page"}],"author":[{"embeddable":true,"href":"https:\/\/www.ferienwohnung-brunner.de\/index.php\/wp-json\/wp\/v2\/users\/1"}],"replies":[{"embeddable":true,"href":"https:\/\/www.ferienwohnung-brunner.de\/index.php\/wp-json\/wp\/v2\/comments?post=278"}],"version-history":[{"count":19,"href":"https:\/\/www.ferienwohnung-brunner.de\/index.php\/wp-json\/wp\/v2\/pages\/278\/revisions"}],"predecessor-version":[{"id":952,"href":"https:\/\/www.ferienwohnung-brunner.de\/index.php\/wp-json\/wp\/v2\/pages\/278\/revisions\/952"}],"wp:attachment":[{"href":"https:\/\/www.ferienwohnung-brunner.de\/index.php\/wp-json\/wp\/v2\/media?parent=278"}],"curies":[{"name":"wp","href":"https:\/\/api.w.org\/{rel}","templated":true}]}}